t x(y) = -7*y**3 + 2*y**2 + y - 2. Let c(w) = -6*w**3 + w**2 + w - 1. Let z(b) = 6*c(b) - 5*x(b). Determine z(k).
0
Let p = 413 - 407. Let r(m) = 7*m - 4 - 7*m**2 + 2*m**3 - 1 - m**3. Calculate r(p).
1
Let r be (-3)/6 - (-51)/6. Let a be r/(-10)*(-5)/2. Let k(o) = 1 - 2 - 1 - o + o**a. What is k(4)?
10
Let q(f) = 7*f**3 - 13*f**2 - f - 4. Let t(s) = -4*s**3 + 7*s**2 + s + 2. Let k(h) = -3*q(h) - 5*t(h). Calculate k(4).
-6
Let s(j) be the third derivative of 1/24*j**4 + 0 + 1/6*j**3 + 0*j + 6*j**2. Let c be 0 + 0 - 0 - 1. Calculate s(c).
0
Let p(k) = -31*k**3 + 5*k**2 - 6*k - 7 - k + 32*k**3. Suppose -4*a - 2*v = 2*v + 56, 0 = -4*a + 4*v - 80. Let h be a/3 - (-1)/(-3). Determine p(h).
-1
Let p(s) = s**2 - s + 2. Let a be p(0). Let l(n) be the first derivative of -n + 0*n**2 + 6 - 1/3*n**3. Determine l(a).
-5
Let m be 6/15*(-1 + 6). Let f(j) = j + 1 - 3*j - 5*j**2 + 0*j**m. Give f(1).
-6
Let m(j) be the third derivative of j**7/840 + j**6/60 - j**4/3 + j**3/6 - j**2. Let x(z) be the first derivative of m(z). Determine x(-6).
-8
Let j(x) = -x**3 + 6*x**2 - x - 7. Let b(a) = 3*a**3 - 18*a**2 + 2*a + 21. Let l(t) = -2*b(t) - 7*j(t). Calculate l(5).
-3
Let h be ((-2)/3)/(2/(-18)). Let j be (4 - 1)*2/h. Let a(m) = -m + 1. Determine a(j).
0
Let t(o) = -o + 9. Let y be t(5). Let q(h) = -y*h - h**2 + 5 + 0 + 2*h**2 - 2*h. Calculate q(5).
0
Let t be 2/4*-2 - -4. Let p(j) = 2*j + j - 8*j + j**2. Calculate p(t).
-6
Let q(c) = -3*c**2 - 3*c - 1. Let t = 30 + -26. Let w(u) = u**2. Let g(m) = t*w(m) + 2*q(m). Determine g(-4).
-10
Let s(l) = l**3 + 7*l**2 - 5*l - 5. Let i be s(-7). Let d be i/(-8) - (-3)/4. Let z(r) = -3 + 0 - 3*r - r**2 - 2*r. Determine z(d).
3
Let r = -9 + 21. Suppose 3*l = -r - 0. Let z(b) = -b**3 - 3*b**2 + 4*b - 5. What is z(l)?
-5
Let j(w) be the second derivative of -w**3/6 - w. Suppose k = -i + 1, 3*k + 0*i - 7 = -2*i. Suppose 2*m - 22 = -4*o, k*o - 2*o - 15 = 0. What is j(m)?
-1
Suppose 16*m - 104 = 12*m. Let i(d) = m*d**2 + 0 - 27*d**2 + 4. Determine i(0).
4
Let a(q) = q**2 + 9*q - 3. Let m(f) = -2*f**2 - f + 7. Let j be m(-3). What is a(j)?
-11
Let v(d) = d**3 - 3*d**2 + 4. Let z(l) = -l + 4. Let r(j) = -j + 3. Let p(b) = 4*r(b) - 5*z(b). Let y be p(11). Determine v(y).
4
Let u(c) = -c - 13. Suppose -t = 3*m + 3, -10*m + 7*m = 4*t + 30. Determine u(t).
-4
Let f(d) = -d**3 - 5*d**2 - 3*d + 4. Let m be f(-4). Let t(g) = -g**2 + 4*g - 1 + m + 2*g**2. Calculate t(-3).
-4
Let f be 3*-1 + 0/(-2). Let o(h) = h - 1. Let l(c) = 6*c - 5. Let m(p) = -5*p + 5. Let d(q) = -3*l(q) - 4*m(q). Let g(v) = -2*d(v) + 6*o(v). Give g(f).
-2
Let i(z) = -6*z**2 - 7. Let d(m) = -7*m**2 - m - 8. Let w(j) = 3*d(j) - 4*i(j). Let y be w(4). Let p be ((-6)/5)/((-12)/y). Let c(n) = -3*n + 3. Determine c(p).
-9
Suppose -2*f = f - 12. Let h(m) = -m**2 + 5*m - 6. Let k be h(f). Let z(d) = 4*d + 1. What is z(k)?
-7
Let v(d) = d**2 - 5*d + 3. Let h(f) = -f**2 + 5*f + 4. Let w be h(5). Let m be w*(2 - 2 - -1). Determine v(m).
-1
Let v(p) = p - 10. Let j be v(7). Suppose -3*x + 3 + 23 = o, 5*x = 5*o + 10. Let q(g) = -3 + g - 2*g**2 + g**3 + x*g**2 - 1. Determine q(j).
11
Suppose 3*c = -h + 3, 4*c + 6 = h + 17. Suppose 4*i = p + 3*i - 9, 0 = 4*p - c*i - 28. Let b(n) = -6 + n - 7 + 5. What is b(p)?
-3
Let b(t) = 0*t + 0*t - 4*t + 2*t + 3. Suppose -9*a + 4*a + 10 = 0. Determine b(a).
-1
Let v be 3/12 - 9/(-12). Let q(l) = -3*l - 1 + l**2 + 2 + 0*l**2 + v. What is q(3)?
2
Suppose -27 = -5*f - 3*g, g + 4 = 3*f - 1. Let i(y) be the second derivative of -y**5/20 + y**4/12 + 2*y**3/3 - 2*y**2 - 4*y. Calculate i(f).
-10
Let a(n) = -n**2 + 5*n - 4. Let q be (-5)/((-5)/3) + 0. Determine a(q).
2
Suppose 0 = 7*q - 6*q - 1, -3*i - 2*q + 8 = 0. Let w(c) = 4*c**2 - i*c + 3*c - 2*c**2. Suppose 3 + 0 = 3*p. Calculate w(p).
3
Suppose 4*s + 2*j + 66 = 20, 0 = 5*j + 25. Let v(r) = -r**3 - 10*r**2 - 11*r - 10. What is v(s)?
8
Let c(u) be the first derivative of -4*u**2 + 3 - 1/3*u**3 - 4*u. Let h(a) be the first derivative of c(a). Calculate h(-6).
4
Let p(o) be the second derivative of -o**3/6 - o**2 - 5*o. Determine p(-6).
4
Let s(p) = p**2 - 8*p + 8. Let h(i) = -2*i - 34. Let q be h(-20). Determine s(q).
-4
Let z(f) = -3*f + 2. Let s(v) = -1 - 3 + 3. Let p(q) = -s(q) - z(q). What is p(3)?
8
Let j(o) = 3*o**3 + o**2 - 3*o - 9. Let w(b) = -4*b**3 - 2*b**2 + 4*b + 9. Let i(l) = -3*j(l) - 2*w(l). Let f be 6/2*(-2)/6. Let p be 1 + 0 + 0 + f. Give i(p).
9
Let d(h) = -2*h**2 + 3*h**2 + 5*h - h**3 - 1 - 1 + 2*h**2. Let n = 15 + -11. Determine d(n).
2
Let z(d) = d - 1. Let r(v) = -4*v - 1. Let m(y) = -r(y) - 3*z(y). Give m(0).
4
Let z(v) = -v**2 + 2*v + 5 - 7 + 5. Give z(-2).
-5
Let s(j) = -j**2 - j - 8. Let a(t) = t**2 + 1. Let y(v) = 2*a(v) + s(v). Let f be (-2)/(-4) + (-8)/16. Let n be (f - 0)/(-1 - -4). Give y(n).
-6
Let o(g) = -2*g**3 + 2*g**2 + g + 1. Suppose s = 5*r - 3, -r + 5*r - 4*s - 12 = 0. Let f = r + 4. Let y = f + -2. What is o(y)?
-5
Let v(s) = -3 - 68*s + 187*s - 59*s - 62*s. Give v(-5).
7
Suppose 0*u - 3*u = 15. Suppose 0 = -5*s + 6 - 1. Let i(j) = j**3 + j**2 + j. Let q(f) = -6*f**3 - 11*f**2 - 11*f. Let b(c) = s*q(c) + 5*i(c). Calculate b(u).
5
Let w(v) = v**3 - 4*v**2 + 4*v - 4. Let o(f) = 15 - 17*f - 9*f**3 + 1 + 17*f**2 + 4*f**3. Let u(i) = 2*o(i) + 9*w(i). What is u(-3)?
-1
Let j(a) = -a**3 + 2*a**2 + 5*a - 3. Suppose -s = 4*g + 21, -4*s + 0*g = 4*g + 48. Let z(i) = i + 12. Let f be z(s). What is j(f)?
3
Let p(v) = 4 + 0 + 6*v - 1. Let l(x) = -x - 1. Let m(h) = 2*l(h) + p(h). Determine m(-2).
-7
Let z be (-15)/(-2) + 6/(-4). Let y(d) = d + 7. Calculate y(z).
13
Let u(i) = i**2 + 6*i + 6. Suppose 0 = -3*c + 5 + 7. Suppose 5*s = -c*d, -d + 0*d = 2*s - 3. Calculate u(d).
1
Let t = 11/102 - -1/17. Let d(z) be the second derivative of -t*z**3 + 0 - z**2 + 1/6*z**4 - 2*z. Determine d(-2).
8
Let t be (-2)/((-15)/(-45) + -1 + 0). Let b(l) be the first derivative of 2*l + t + l**2 - 4/3*l**3. Calculate b(2).
-10
Let d(q) = -q + 6. Let v be d(7). Let n(y) = 2*y**2 - 1. Determine n(v).
1
Let w = 8 + -4. Suppose -w*s = -2 - 6. Let k(m) = m**2 - 3*m**s + m**3 + 5*m**2 - 3*m - 3. What is k(-4)?
-7
Let j(s) = 8*s**3 + 9*s**2 + 10*s - 7. Let i(n) = -7*n**3 - 8*n**2 - 9*n + 6. Suppose 0 = -3*w + 7*w + 28. Let g(a) = w*i(a) - 6*j(a). What is g(-2)?
-6
Suppose 13 + 3 = 4*t. Let q be (-3)/(-4) + 17/t. Let n be (-1 + 2)/(q + -4). Let r(g) = 4*g**2 + 1. Calculate r(n).
5
Let b(y) = -5*y**2 + 3*y - 4. Let p(i) = -4*i**2 + 4*i - 3. Let z(u) = 3*b(u) - 4*p(u). Determine z(6).
-6
Let h(x) = x**2 - x + 17. Let a be 0/1*(-1 - (-3)/2). What is h(a)?
17
Let g(d) be the second derivative of d**3/6 + 2*d. Suppose -4*l = -l - 18. What is g(l)?
6
Let d(u) = u**3 + 8*u**2 - 2. Suppose 4*w = 168 - 200. Calculate d(w).
-2
Let k be 21*4/12*1. Let d(v) = v**2 - 6*v + 4. Give d(k).
11
Let q(o) = 7*o - 3. Suppose 0 = -2*w + 4*w + 12. Let l(i) = -20*i + 8. Let r(h) = w*l(h) - 17*q(h). What is r(-5)?
-2
Let i(g) = 2 + 1 + 1706*g - 1703*g. Calculate i(-2).
-3
Let y = -101 + 94. Let o(b) = -b + 3. What is o(y)?
10
Let w(y) = -2 + y**2 + 2. Suppose 0 = 6*x - x - 30. Suppose -2*p = x - 8. Calculate w(p).
1
Suppose 5*r - 24 = 6. Let s = r - 1. Let o(g) = 0*g - s*g - 12*g**3 + 6*g. Determine o(-1).
11
Let u(p) = -p. Let z(q) = 2*q. Let i(c) = 3*u(c) + z(c). Suppose -3*j = -5*m - 16, 3*j + 27 - 8 = -2*m. Calculate i(m).
5
Let a(v) be the third derivative of v**6/120 - v**5/30 + v**4/24 + v**3/3 + 7*v**2. Let f(s) = 2*s**2 - s - 1. Let m be f(-1). Calculate a(m).
4
Let u(c) be the second derivative of 1/6*c**4 + 0 - c**2 + 2*c + 1/6*c**3. Let n(r) = -r**2 - 4*r - 2. Let j be n(-4). Give u(j).
4
Let o(t) = -2*t**2. Let k be o(1). Let i(d) = -2*d**3 - 4*d**2 - 2*d + 1. What is i(k)?
5
Let m(i) = -4*i**2 + 17*i - 11. Let j(g) = -2*g**2 + 9*g - 6. Let s(y) = 7*j(y) - 4*m(y). Determine s(3).
5
Let d(g) = 1 - 3*g**2 - 5*g**3 + 4*g**2 + g**2 - 2*g. Suppose s - 4*l - 17 = 0, -3*s = -2*l + 7*l + 17. Give d(s).
-4
Let q(n) = -2 - 1 + n - 5 - 1. Let i = -1 - -6. Give q(i).
-4
Let j(c) be the first derivative of c**3/3 - c**2 - 5*c + 8. Suppose -2*u + u + 13 = 3*s, -5*u + 5 = 0. What is j(s)?
3
Let a be 2/(-6) - (-2)/6. Let m = a + 4. Let u(w) = 2*w + 0 - 4 + 4*w**2 + 0 - w**3. Calculate u(m).
4
Let x(w) = -w**2 + 6*w + 5. Let j b